{"id":232,"date":"2016-09-29T17:40:24","date_gmt":"2016-09-29T15:40:24","guid":{"rendered":"http:\/\/niikkula.fi\/?page_id=232"},"modified":"2021-05-17T14:41:05","modified_gmt":"2021-05-17T12:41:05","slug":"eskon-yllapitamat-sukusivut","status":"publish","type":"page","link":"http:\/\/niikkula.fi\/?page_id=232","title":{"rendered":"Erkki Nenosen yll\u00e4pit\u00e4m\u00e4t sukusivut"},"content":{"rendered":"\n<h2 class=\"wp-block-heading\"><a href=\"https:\/\/www.myheritage.fi\/site-138689141\/nenonen\"><a href=\"https:\/\/www.myheritage.fi\/site-family-tree-138689141\/nenonen?familyTreeID=2&amp;rootIndivudalID=2000309\">Sivut osittain jatkoa Esko Niikkulan yll\u00e4pit\u00e4mille sukusivuille<\/a><\/a><\/h2>\n\n\n\n<p><br><\/p>\n","protected":false},"excerpt":{"rendered":"<div class=\"mh-excerpt\"><p>Sivut osittain jatkoa Esko Niikkulan yll\u00e4pit\u00e4mille sukusivuille<\/p>\n<\/div>","protected":false},"author":1,"featured_media":0,"parent":0,"menu_order":0,"comment_status":"closed","ping_status":"closed","template":"","meta":[],"_links":{"self":[{"href":"http:\/\/niikkula.fi\/index.php?rest_route=\/wp\/v2\/pages\/232"}],"collection":[{"href":"http:\/\/niikkula.fi\/index.php?rest_route=\/wp\/v2\/pages"}],"about":[{"href":"http:\/\/niikkula.fi\/index.php?rest_route=\/wp\/v2\/types\/page"}],"author":[{"embeddable":true,"href":"http:\/\/niikkula.fi\/index.php?rest_route=\/wp\/v2\/users\/1"}],"replies":[{"embeddable":true,"href":"http:\/\/niikkula.fi\/index.php?rest_route=%2Fwp%2Fv2%2Fcomments&post=232"}],"version-history":[{"count":13,"href":"http:\/\/niikkula.fi\/index.php?rest_route=\/wp\/v2\/pages\/232\/revisions"}],"predecessor-version":[{"id":731,"href":"http:\/\/niikkula.fi\/index.php?rest_route=\/wp\/v2\/pages\/232\/revisions\/731"}],"wp:attachment":[{"href":"http:\/\/niikkula.fi\/index.php?rest_route=%2Fwp%2Fv2%2Fmedia&parent=232"}],"curies":[{"name":"wp","href":"https:\/\/api.w.org\/{rel}","templated":true}]}}