{"id":506,"date":"2019-11-22T10:21:01","date_gmt":"2019-11-22T08:21:01","guid":{"rendered":"http:\/\/niikkula.fi\/?page_id=506"},"modified":"2023-05-02T07:18:26","modified_gmt":"2023-05-02T05:18:26","slug":"valokuvaus","status":"publish","type":"page","link":"http:\/\/niikkula.fi\/?page_id=506","title":{"rendered":"Valokuvaus"},"content":{"rendered":"<p><a href=\"http:\/\/www.digicamera.net\">Digikamera<\/a><\/p>\n<p><a href=\"https:\/\/helpguide.sony.net\/ilc\/1930\/v1\/fi\/index.html\">Sony A7R IV k\u00e4ytt\u00f6opas<\/a><\/p>\n<p><a href=\"https:\/\/palette.fm\/\">Mustavalkoiset valokuvat v\u00e4rillisiksi<\/a><\/p>\n<p><a href=\"https:\/\/palette.fm\/\">Kuvan optimointi<\/a><\/p>\n\n\n<p><\/p>\n","protected":false},"excerpt":{"rendered":"<div class=\"mh-excerpt\"><p>Digikamera Sony A7R IV k\u00e4ytt\u00f6opas Mustavalkoiset valokuvat v\u00e4rillisiksi Kuvan optimointi<\/p>\n<\/div>","protected":false},"author":1,"featured_media":0,"parent":0,"menu_order":0,"comment_status":"closed","ping_status":"closed","template":"","meta":[],"_links":{"self":[{"href":"http:\/\/niikkula.fi\/index.php?rest_route=\/wp\/v2\/pages\/506"}],"collection":[{"href":"http:\/\/niikkula.fi\/index.php?rest_route=\/wp\/v2\/pages"}],"about":[{"href":"http:\/\/niikkula.fi\/index.php?rest_route=\/wp\/v2\/types\/page"}],"author":[{"embeddable":true,"href":"http:\/\/niikkula.fi\/index.php?rest_route=\/wp\/v2\/users\/1"}],"replies":[{"embeddable":true,"href":"http:\/\/niikkula.fi\/index.php?rest_route=%2Fwp%2Fv2%2Fcomments&post=506"}],"version-history":[{"count":14,"href":"http:\/\/niikkula.fi\/index.php?rest_route=\/wp\/v2\/pages\/506\/revisions"}],"predecessor-version":[{"id":778,"href":"http:\/\/niikkula.fi\/index.php?rest_route=\/wp\/v2\/pages\/506\/revisions\/778"}],"wp:attachment":[{"href":"http:\/\/niikkula.fi\/index.php?rest_route=%2Fwp%2Fv2%2Fmedia&parent=506"}],"curies":[{"name":"wp","href":"https:\/\/api.w.org\/{rel}","templated":true}]}}